be the first derivative of z**3/3 + 3*z**2/2 + 5*z - 3. Is x(-4) a multiple of 4?
False
Suppose 2*o - 3 = -l, -o = 3*l - 8*l + 26. Is o/4 + (-1001)/(-52) a multiple of 5?
False
Suppose 5*k = 2*t + t + 453, -3*k = 4*t - 266. Suppose 0 = -4*j + k - 6. Is 7 a factor of j?
True
Does 6 divide 2/(-6) + (-208)/(-12)?
False
Let k = -93 + 181. Is 22 a factor of k?
True
Suppose 2*l - 24 = 42. Suppose -12 + l = -3*d. Is 10 a factor of d*7/(49/(-24))?
False
Suppose -331 + 88 = -v. Is 29 a factor of v?
False
Let h(c) = -c**3 - c**2 + 2. Let k be h(0). Suppose m = 2*q - 15, 6 = -k*m + 4. Is q even?
False
Suppose 2*j - 94 = 4*x, -188 = -3*j - j + 2*x. Does 6 divide j?
False
Let c = 44 - 27. Let d be c/5 - 4/10. Suppose 3 = 3*f, 2*k - d*f = -1 + 4. Is 3 a factor of k?
True
Suppose 100*g - 1120 = 93*g. Is 40 a factor of g?
True
Suppose -2*c + 3*h - 58 = 0, -h + 6*h + 26 = -2*c. Let t = 51 + c. Is t a multiple of 28?
True
Let b be -1*(0 + (2 - 4)). Suppose -3*i + 15 = b*i. Suppose -4*a + y + i*y = -28, 0 = -5*a - y + 53. Is a a multiple of 10?
True
Suppose 3 = b - 4*f, 5*b - 2*f + 6*f = 87. Suppose -4*r = -8, -b - 11 = -3*q + 5*r. Is (-4 - (-2 - 0)) + q a multiple of 9?
False
Let g(u) = 3*u**3 + 2*u**2 - 1. Let a be g(1). Suppose -a*m + 3*k = -3, k = -4*m - 2*k + 21. Let x(w) = 5*w - 1. Is 13 a factor of x(m)?
False
Suppose -8*j + 2*j + 294 = 0. Is j a multiple of 15?
False
Let r(t) be the third derivative of t**5/5 + t**4/24 - t**3/6 - 7*t**2. Does 12 divide r(1)?
True
Let d(n) = -n**3 - n**2 + n + 18. Does 22 divide d(-5)?
False
Let y(g) = 15*g**2 - 2*g - 2. Is 15 a factor of y(-1)?
True
Let s(z) = -6*z**2 - 3 + 5 + 4*z + z**3 + 0*z**3. Let t be s(5). Does 5 divide (-2)/t + 13/3?
True
Suppose -24*f + 28*f - 120 = 0. Is 15 a factor of f?
True
Let j(k) = 26*k - 17. Does 36 divide j(8)?
False
Let o(a) = 102*a**2 + 23*a + 3. Let j(l) = -34*l**2 - 8*l - 1. Let f(h) = -17*j(h) - 6*o(h). Let v be f(-1). Let u = v - -54. Does 6 divide u?
False
Suppose -3 = -3*a + 3*y, -4*a + 3*y + 3 + 5 = 0. Suppose 4*x - 96 = -3*m + 4*m, a*x - 111 = -m. Does 23 divide x?
True
Let o(w) = w**3 - 7*w**2 + w - 3. Let j be -1 + 8*2/2. Is o(j) a multiple of 3?
False
Suppose 101 = 3*r - 49. Is 13 a factor of r?
False
Suppose 3*v = -z + 26 + 42, -5*z + 314 = 2*v. Is 25 a factor of z?
False
Suppose q - 2*q = 1. Let n be (-60)/(-5)*3/9. Is (n/8)/(q/(-70)) a multiple of 12?
False
Suppose 900 = -11*l + 2231. Is l a multiple of 11?
True
Let o(f) be the second derivative of -f**4/12 + 8*f**3/3 - 3*f**2/2 + 5*f. Is 20 a factor of o(9)?
True
Does 17 divide (-3 - -17) + (-4)/(-1)?
False
Is -4*7/14*2*-4 a multiple of 3?
False
Let w(l) = -l**3 - l**2 - 3. Let x be w(-3). Suppose x = -o + 6*o. Suppose 6 + o = f. Does 7 divide f?
False
Let p be 1/(-2) + (-102)/(-4). Suppose 5*s = -p, 3*o = -2*s + 18 + 35. Is o a multiple of 21?
True
Let n(q) = 13*q**2 + 1. Is 7 a factor of n(1)?
True
Let f be (-986)/(-3) + (-4)/6. Suppose 3*g + 2*g - 10 = 0, -f = -3*b + g. Suppose -6*x + x + b = 0. Does 11 divide x?
True
Let m = 5 + 0. Suppose -x + m*x - 72 = 0. Is 18 a factor of x?
True
Suppose 4 - 9 = -k. Suppose k*p - 9 = 2*p. Is 3 a factor of p?
True
Let z be 4/(-14) + (-2)/(-7). Let r(n) = n**3 - n**2 + 57. Let v be r(z). Suppose 5*a = v + 98. Does 15 divide a?
False
Let m(b) = b**2 - 5. Is 13 a factor of m(6)?
False
Let y be (3 - 82/6)*-3. Suppose 3*p = -76 - y. Let b = p - -60. Is b a multiple of 12?
True
Suppose 6*c - c - 10 = 0. Let d be c/(-12) - 676/(-24). Let z = -20 + d. Does 3 divide z?
False
Let n = -12 - -14. Suppose -2*o + 2*c + 98 = 0, -n*c - 188 = 3*o - 7*o. Is o a multiple of 15?
True
Suppose -10*a + 127 = -43. Does 13 divide a?
False
Let q = 6 + -1. Suppose -4*z + q*z = -8. Is 15/2*z/(-10) a multiple of 3?
True
Let j be -1 + (1 + -1 - -3). Suppose -o + 4*x = -5, -x + j*x + 10 = 2*o. Suppose 2*v - v - 3 = 0, -o*k = v - 93. Is 5 a factor of k?
False
Let l(s) = -s**3 - 4*s**2 + 5*s - 7. Let g be l(-5). Let f(p) = p**2 + 5*p - 2. Does 8 divide f(g)?
False
Let i(v) = -v**3 + 10*v**2 - 6*v + 9. Let c be i(9). Suppose 0 = 2*h - 5*h + c. Suppose -2*a + 2*w + h = 0, -3*w = -2*a - 1 + 9. Is a a multiple of 5?
True
Let u(q) = q**3 - 3*q**2 - 3*q + 4. Let o(g) = g**2 + 11*g + 1. Let k be o(-11). Let w = 3 + k. Is u(w) a multiple of 7?
False
Suppose 4*q + 4*p - 12 = 0, 2*q + q + p = 11. Does 12 divide (-3 + 2)*-6*q?
True
Suppose 0 = -o - 2 + 5. Suppose -d = 2 + o. Let u = -1 - d. Is u a multiple of 4?
True
Suppose -j + 118 = 3. Is j a multiple of 7?
False
Let b = -428 - -290. Is 6 a factor of b/(-7) - (-6)/21?
False
Let y = -8 - -8. Let u = 0 - y. Suppose u = 2*w - 0*w - 60. Does 16 divide w?
False
Suppose 0 = 7*o - 8*o + 12. Is o a multiple of 3?
True
Suppose v - 39 = 2*n, -3*n + 0*n = -3*v + 126. Suppose -2*q - 2*z + v = 3*z, -5*q + 2*z + 156 = 0. Does 10 divide q?
True
Let m = 64 + 24. Let u = m + -159. Let s = -40 - u. Is s a multiple of 12?
False
Let h = -4 - -2. Let j be (1*-1)/(1/h). Suppose 3*b + 5*w - 23 = 0, 2*b - 4*w - 20 = -j*b. Is 6 a factor of b?
True
Is 18 a factor of (78/(-8))/((-15)/40)?
False
Suppose 3*d + 9 = 4*d. Suppose -d - 9 = -3*v. Is v a multiple of 4?
False
Suppose 12 = 3*f + f. Suppose -f*u + 34 = x, 0*x + 4*x + 4*u = 112. Is 5 a factor of x?
True
Suppose 3*o = -5*l + 53, 6*o - 3*o = -3*l + 45. Is 3 a factor of o?
False
Let d be -10*-2*(-2 + 3). Suppose -12 = 4*j, -7 = -z + 5*j - 0. Let r = z + d. Is r a multiple of 6?
True
Let i(m) = -m - 8. Let f be i(-11). Suppose -f*g + 53 = -2*g. Is 12 a factor of g?
False
Suppose 0 = -3*l + 2*h - 11 + 105, 2*l - 4*h - 76 = 0. Is 14 a factor of l?
True
Suppose -4*i = -13 - 27. Suppose -22 = -i*k + 8*k. Does 11 divide k?
True
Let y(d) = -d**2 - 7*d - 3. Let o be y(-6). Suppose -3*p + 4*p = o. Suppose -7*m = -p*m - 136. Is m a multiple of 17?
True
Let p(u) = 4*u**2 + 1. Suppose f + 0 = -2*m + 1, 0 = 3*f + 4*m - 1. Let r be p(f). Suppose -r*z - 28 = 2*a - 3*a, -a - 3*z + 4 = 0. Is a a multiple of 13?
True
Suppose 0 = -2*o - 2*o. Let p be ((-6)/5)/((-3)/150). Is 10 a factor of p/3*(o + 1)?
True
Let u(f) = -f**3 + 4*f**2 - 4*f + 3. Let w be u(2). Does 3 divide (-1 + -2)/(w/(-4))?
False
Let a(j) = -32*j**3 + j**2 - j - 1. Let o be a(-1). Let r = 0 + o. Does 14 divide r?
False
Let p = -4 - -7. Let y(z) = -z + 4 + 5*z + z**2 - z. Is y(p) a multiple of 22?
True
Suppose -2 = -0*t + t. Let b be (-165)/(-6) - (-1)/t. Suppose -3*x + b + 19 = 5*f, 59 = 4*f - 5*x. Is 7 a factor of f?
False
Suppose 2*b - 7*b = -235. Does 47 divide b?
True
Let n(k) = 5*k**2 - 3*k - 4. Does 4 divide n(-2)?
False
Let k(w) = -38*w + 3. Let g be k(-4). Suppose -69 = -4*s + g. Let j = -31 + s. Is j a multiple of 15?
False
Let q = 97 - 2. Is q a multiple of 25?
False
Let x(o) = o**3 + 2*o**2 - 4*o. Let y be x(-3). Suppose 0*z = s + 2*z + 3, -y*z + 20 = 5*s. Let i(c) = c + 6. Is 13 a factor of i(s)?
True
Let m(g) = -3*g + 2. Let f be m(-5). Suppose -5 + f = 2*o. Is 6 a factor of o?
True
Suppose 3*q = 15, 0 = -3*j + 5*j + 2*q - 56. Let c be (j + -1)*(-3)/(-6). Does 11 divide 0/(-5) + c*1?
True
Let w = -37 - -100. Is 21 a factor of w?
True
Let b(p) = 2*p**2 - 4*p - 1. Does 5 divide b(-2)?
True
Let m(o) = o + 10. Let h be m(-9). Suppose -4*p = -3*p + h. Does 9 divide p/((-1)/(-2)) - -20?
True
Let w = 5 + -8. Let c = w + 8. Suppose 0*d = -c*d + 30. Is d a multiple of 4?
False
Suppose -7*g + 146 = -5*g. Is g a multiple of 13?
False
Let g = 0 + -4. Suppose 0 = 2*t + 2*t - 4. Does 12 divide (g + t)/(6/(-68))?
False
Let g = 10 - 19. Let c = 9 - g. Is c a multiple of 6?
True
Suppose 4*w = w + 396. Suppose 4*c - w = 5*l, -126 = -3*c - 5*l - 27. Let r = c + -21. Is r a multiple of 5?
False
Let k(t) = -t**3 + 3*t**2 + 7*t - 6. Let n be k(4). Suppose -4*i + n = -10. Does 2 divide (i/6)/(2/15)?
False
Let l = 41 + 55. Is 16 a factor of l?
True
Let v = 142 + -18. Is 20 a factor of v?
False
Let q(k) = -k**2 - 3*k - 1. Let s be q(-3). Let w = s - -3. Suppose 3*z - 26 = w*c, -22 = -4*z - 2*c + 8. Does 6 divide z?
False
Let c(x) = x - 2. Let p be c(2). Let y be -1 - (p + 2 - 3). Suppose 3*i = -4*u + 64, y*u = -2*i + 2*u + 66. Does 10 divide i?
False
Let c be (-2)/7 + (-52)/14. Let z(g) = -2 - 8*g**2 - 5*g**3 + 5*g**2 + 4*g**3 - 4*g. Is 15 a factor of z(c)?
True
Let i be -6 + 6 + 1 + 1. Let g = -131 - -